{"id":1188,"date":"2023-03-28T15:04:47","date_gmt":"2023-03-28T15:04:47","guid":{"rendered":"https:\/\/www.museoscienzebrescia.it\/media-policy\/"},"modified":"2023-03-28T15:05:27","modified_gmt":"2023-03-28T15:05:27","slug":"media-policy","status":"publish","type":"page","link":"https:\/\/museoscienzebrescia.it\/en\/media-policy\/","title":{"rendered":"Media policy"},"content":{"rendered":"<section id=\"b-hero-block_18e615b3f9322c1d05a417a0ff3f23ad\" class=\"it-hero-wrapper block-hero \">\r\n  <div class=\"container\">\r\n    <div class=\"row\">\r\n      <div class=\"col-12 col-lg-6\">\r\n        <div class=\"it-hero-text-wrapper\">\r\n                    <h1>Media policy<\/h1>\r\n                  <\/div>\r\n      <\/div>\r\n      <div class=\"col-12 col-lg-6 hero__img-cont\">\r\n         \r\n      <\/div>\r\n    <\/div>\r\n  <\/div>\r\n<\/section>\r\n\n\n\r\n<div id=\"b-textaside-block_cb6966ab9c55609cb4ed8f333864dea2\" class=\"container\">\r\n  <div class=\"row\">\r\n    <article class=\"col-12 col-lg-7\">\r\n      <section>\r\n        <article id=\"descrizione\" class=\"it-page-section anchor-offset\">\n<h4>Descrizione<\/h4>\n<div class=\"font-serif\">\n<div class=\"clearfix text-formatted field field--name-field-descrizione-completa field--type-text-long field--label-above\">\n<div class=\"field__label visually-hidden\">Descrizione<\/div>\n<div class=\"field__item\">\n<p>La media policy esterna illustra agli utenti le regole di comportamento da tenere negli spazi di presidio di AgID e indica quali contenuti e quali modalit\u00e0 di relazione ci si deve aspettare. L\u2019Agenzia per l\u2019Italia Digitale (di seguito Agenzia o AGID) utilizza il proprio sito web e i social media per informare gli utenti e comunicare con loro attraverso Internet. Il sito e i canali social sono gestiti dall\u2019Ufficio Comunicazione e Relazioni esterne dell\u2019Agenzia che pu\u00f2 avvalersi di collaboratori e consulenti esterni.<\/p>\n<h2>I nostri contenuti<\/h2>\n<p>I contenuti pubblicati sul sito e sui canali social sono concepiti per informare PA, cittadini e imprese sulle attivit\u00e0, i progetti, le iniziative e gli eventi promossi di AgID, e per favorirne la diffusione. I canali social sono usati, inoltre, per la partecipazione attraverso il confronto e il dialogo nell\u2019ottica della trasparenza e della condivisione\u00a0 \u00a0 Lo staff realizza contenuti originali di carattere testuale, fotografico, infografico, video, etc\u2026 che sono utilizzabili con Licenza CC (Creative Commons &#8211; Attribuzione 3.0). Attraverso i canali dell\u2019Agenzia potranno altres\u00ec essere condivisi \u00a0contenuti e messaggi di pubblico interesse e utilit\u00e0 realizzati da soggetti terzi (Istituzioni, associazioni, imprese, media, cittadini) previa verifica dell\u2019attendibilit\u00e0 della fonte.<\/p>\n<p>In relazione alle norme sull\u2019accesso civico generalizzato (cd. FOIA), lo staff promuove e valorizza il dialogo collaborativo con le comunit\u00e0 di utenti dei social media (Facebook, Twitter, ecc.), secondo le indicazioni della\u00a0<a href=\"http:\/\/www.funzionepubblica.gov.it\/articolo\/dipartimento\/01-06-2017\/circolare-n-2-2017-attuazione-delle-norme-sull%E2%80%99accesso-civico\">Circolare 2\/2017<\/a>\u00a0del Dipartimento della funzione pubblica. \u00a0 La presenza di spazi pubblicitari a margine dei contenuti pubblicati nelle pagine dei social network utilizzati da AgID non \u00e8 sotto il controllo dell\u2019Agenzia, ma \u00e8 gestita in autonomia dagli amministratori dei singoli social network.<\/p>\n<p>AgID non promuove e non condivide:<\/p>\n<ul>\n<li>contenuti su tematiche oggetto di controversie legali o affermazioni che potrebbero essere utilizzate contro l\u2019Agenzia;<\/li>\n<li>informazioni riservate o protette dal diritto alla privacy, come la corrispondenza interna, informazioni di terze parti su contenuti, documenti, progetti non ancora resi pubblici o relativi a procedimenti in corso;<\/li>\n<li>informazioni personali o dati sensibili.<\/li>\n<\/ul>\n<h2>Moderazione e netiquette<\/h2>\n<p>I canali social di AgID vengono costantemente e sistematicamente moderati. \u00a0 AgID si impegna a gestire spazi di comunicazione e dialogo all\u2019interno dei propri profili social chiedendo ai propri utenti il rispetto di alcune semplici regole di netiquette:<\/p>\n<ol>\n<li>A tutti si chiede di esporre la propria opinione con correttezza e misura, basandosi per quanto possibile su dati di fatto verificabili e di rispettare le opinioni altrui.<\/li>\n<li>Nei social network ognuno \u00e8 responsabile dei contenuti che pubblica e delle opinioni che esprime. Non saranno comunque tollerati insulti, volgarit\u00e0, offese, minacce e, in generale, atteggiamenti violenti.<\/li>\n<li>I contenuti pubblicati devono rispettare sempre la privacy delle persone. Vanno evitati riferimenti a fatti o a dettagli privi di rilevanza pubblica e che ledano la sfera personale di terzi.<\/li>\n<li>Requisito essenziale degli argomenti sui canali social dell\u2019Agenzia \u00e8 l\u2019interesse pubblico. Non \u00e8 possibile utilizzare questi spazi per affrontare casi personali, ad eccezione del gruppo Facebook \u201cSPID\u201d dedicato alla discussione pubblica &#8211; in maniera rispettosa e propositiva &#8211; e all\u2019assistenza degli utenti.<\/li>\n<li>L\u2019interesse degli argomenti rispetto alle finalit\u00e0 di AgID \u00e8 un requisito essenziale: non \u00e8 possibile utilizzare questi spazi per scopi diversi da quelli istituzionali dell\u2019Agenzia.<\/li>\n<li>Ogni discussione \u00e8 legata a un tema specifico: chiediamo a tutti i partecipanti di rispettarlo, evitando di allargare il confronto in modo generico e indiscriminato.<\/li>\n<li>Non sar\u00e0 tollerata alcuna forma di pubblicit\u00e0, spam o promozione di interessi privati o di attivit\u00e0 illegali.<\/li>\n<li>Non sono ammessi contenuti che violino il diritto d\u2019autore n\u00e9 l\u2019utilizzo non autorizzato di marchi registrati.<\/li>\n<\/ol>\n<p>In ogni caso, saranno rimossi dallo staff tutti i post, i commenti o i materiali audio\/video che:<\/p>\n<ol>\n<li>hanno un contenuto politico o propagandistico;<\/li>\n<li>presentano un linguaggio inappropriato e\/o un tono minaccioso, violento, volgare o irrispettoso;<\/li>\n<li>presentano contenuti illeciti o che incitano a compiere attivit\u00e0 illecite;<\/li>\n<li>hanno contenuti offensivi, ingannevoli, allarmistici, o in violazione di diritti di terzi;<\/li>\n<li>divulgano dati e informazioni personali o che possono cagionare danni o ledere la reputazione di terzi;<\/li>\n<li>presentano contenuto osceno, pornografico o pedopornografico, o tale da offendere la \u00a0sensibilit\u00e0 degli utenti;<\/li>\n<li>hanno un contenuto discriminatorio per genere, razza, etnia, lingua, credo religioso, opinioni politiche, orientamento sessuale, et\u00e0, condizioni personali e sociali;<\/li>\n<li>promuovono o sostengono attivit\u00e0 illegali, che violano il copyright o che utilizzano in modo improprio un marchio registrato.<\/li>\n<\/ol>\n<p>Per chi dovesse violare ripetutamente queste condizioni o quelle contenute nelle policy degli strumenti adottati, lo staff si riserva il diritto di usare il ban o il blocco (quando possibile dopo un primo avvertimento) per impedire ulteriori interventi, e di segnalare l\u2019utente ai responsabili della piattaforma ed eventualmente alle forze dell\u2019ordine. \u00a0 Messaggi contenenti dati personali (indirizzi email, numeri di telefono, indirizzi, etc) potranno essere rimossi a tutela delle persone interessate. \u00a0 Per ogni approfondimento relativo al trattamento dei dati personali \u00e8 possibile consultare la\u00a0<a href=\"https:\/\/www.agid.gov.it\/it\/privacy-policy\">Privacy policy<\/a>\u00a0e le\u00a0<a href=\"https:\/\/www.agid.gov.it\/it\/note-legali\">Note legali<\/a>\u00a0dell\u2019Agenzia.<\/p>\n<h2>Privacy e trattamento dei dati personali<\/h2>\n<p>Si ricorda che il trattamento dei dati personali degli utenti risponde alle policy in uso sulle piattaforme utilizzate. I dati personali o sensibili inseriti in commenti o post pubblici all\u2019interno dei canali sui social media di AgiD potranno essere rimossi. I dati condivisi dagli utenti attraverso messaggi privati spediti direttamente ai gestori dei canali saranno trattati nel rispetto delle norme vigenti sulla protezione dei dati personali e della\u00a0<a href=\"https:\/\/www.agid.gov.it\/it\/privacy-policy\">Privacy policy\u00a0di AgID<\/a>.<\/p>\n<h2>I nostri account istituzionali<\/h2>\n<p>AgID \u00e8 presente su Facebook, Twitter, Medium, Linkedin, e Youtube, i profili sono gestiti dall\u2019Ufficio \u201cComunicazione e relazioni esterne\u201d che si avvale delle strutture dell\u2019Agenzia dedicate alla comunicazione. Eventuali profili social del direttore generale o dei dirigenti sono gestiti personalmente. Allo stesso modo i profili dei dipendenti e dei consulenti dell\u2019Agenzia sono gestiti esclusivamente a titolo personale e seguono le indicazioni della social media policy interna.<\/p>\n<h3>Facebook<\/h3>\n<p>La pagina ufficiale dell\u2019Agenzia \u00e8 @AgIDGovIT ed \u00e8 raggiungibile all\u2019indirizzo web:\u00a0<a href=\"https:\/\/www.facebook.com\/AgIDGovIT\">https:\/\/www.facebook.com\/AgIDGovIT<\/a>\u00a0 Su Facebook \u00e8 possibile condividere e commentare i contenuti pubblicati nel rispetto delle regole stabilite nella presente social media policy. \u00c8 possibile interagire con lo Staff, sia pubblicamente che tramite messaggi privati. \u00a0 L\u2019Agenzia inoltre gestisce e modera il gruppo Facebook \u201cSPID\u201d, raggiungibile all\u2019indirizzo web:\u00a0<a href=\"https:\/\/www.facebook.com\/groups\/agid.spid\">www.facebook.com\/groups\/agid.spid<\/a>. L\u2019Agenzia non risponde di ulteriori pagine, account o gruppi &#8211; ad essa riferiti &#8211; presenti su Facebook.<\/p>\n<h3>Flickr<\/h3>\n<p>Il profilo Flickr \u201ccafoscari\u201d \u00e8 visitabile all\u2019indirizzo https:\/\/www.flickr.com\/people\/cafoscari\/ e, trattandosi di un account pubblico, \u00e8 accessibile a tutti gli utenti. Tale pagina \u00e8 gestita dallo Staff dell\u2019Ufficio Comunicazione e Promozione di Ateneo e ha lo scopo di pubblicare immagini e album fotografici dedicati all\u2019Ateneo, alle sue iniziative e agli eventi da quest\u2019ultimo organizzati.<\/p>\n<h3>Youtube<\/h3>\n<p>Il canale Youtube ufficiale dell&#8217;Agenzia \u00e8 disponibile all&#8217;indirizzo web:\u00a0<a href=\"https:\/\/www.youtube.com\/c\/AGIDagenzia-italia-digitale\">https:\/\/www.youtube.com\/c\/AGIDagenzia-italia-digitale<\/a>. Sul canale Youtube sono presenti video delle campagne promozionali, le interviste e gli atti di convegni\u00a0dell&#8217;Agenzia.<\/p>\n<p>L\u2019Agenzia non risponde di ulteriori profili \u00a0&#8211; ad essa riferiti &#8211; presenti su Youtube.<\/p>\n<p>&nbsp;<\/p>\n<h2>Contatti<\/h2>\n<p>Gli utenti possono inviare segnalazioni relative ai contenuti di questa media policy all\u2019indirizzo\u00a0<a href=\"mailto:comunicazione@agid.gov.it\">comunicazione@agid.gov.it<\/a><\/p>\n<\/div>\n<\/div>\n<\/div>\n<\/article>\n<article id=\"dove\" class=\"it-page-section anchor-offset\"><\/article>\n<article id=\"collegamenti\" class=\"it-page-section anchor-offset mt-5\">\n<div class=\"field field--name-field-collegamenti-da-import field--type-link field--label-above\">\n<div class=\"field__items\"><\/div>\n<div class=\"collegamenti-import-link\"><\/div>\n<\/div>\n<\/article>\n      <\/section>\r\n      <div>Share:<\/div>\r\n                <a href=\"https:\/\/twitter.com\/intent\/tweet?url=museoscienzebrescia.it%2Fen%2Fwp-json%2Fwp%2Fv2%2Fpages%2F1188&#038;text=Media+policy\" class=\"social-share w-inline-block\" data-social=\"twitter\" title=\"twitter share\">\r\n          <img decoding=\"async\" src=\"https:\/\/museoscienzebrescia.it\/wp-content\/themes\/museoscienze\/images\/tw.svg\" loading=\"lazy\" width=\"40\" alt=\"share twitter\">\r\n        <\/a>\r\n        <a href=\"https:\/\/www.facebook.com\/sharer\/sharer.php?u=museoscienzebrescia.it%2Fen%2Fwp-json%2Fwp%2Fv2%2Fpages%2F1188&#038;title=Media+policy\" class=\"social-share w-inline-block\" data-social=\"facebook\" title=\"facebook share\">\r\n          <img decoding=\"async\" src=\"https:\/\/museoscienzebrescia.it\/wp-content\/themes\/museoscienze\/images\/fb.svg\" loading=\"lazy\" width=\"40\" alt=\"share facebook\">\r\n        <\/a>\r\n        <br><br>\r\n    <\/article>\r\n\r\n    <aside class=\"col-12 col-lg-4 offset-xl-1\">\r\n      <div class=\"\">\r\n            <\/div>\r\n    <\/aside>\r\n  <\/div>\r\n<\/div>\r\n","protected":false},"excerpt":{"rendered":"","protected":false},"author":1,"featured_media":0,"parent":0,"menu_order":0,"comment_status":"closed","ping_status":"closed","template":"","meta":{"_acf_changed":false,"inline_featured_image":false,"footnotes":""},"class_list":["post-1188","page","type-page","status-publish","hentry"],"acf":[],"_links":{"self":[{"href":"https:\/\/museoscienzebrescia.it\/en\/wp-json\/wp\/v2\/pages\/1188","targetHints":{"allow":["GET"]}}],"collection":[{"href":"https:\/\/museoscienzebrescia.it\/en\/wp-json\/wp\/v2\/pages"}],"about":[{"href":"https:\/\/museoscienzebrescia.it\/en\/wp-json\/wp\/v2\/types\/page"}],"author":[{"embeddable":true,"href":"https:\/\/museoscienzebrescia.it\/en\/wp-json\/wp\/v2\/users\/1"}],"replies":[{"embeddable":true,"href":"https:\/\/museoscienzebrescia.it\/en\/wp-json\/wp\/v2\/comments?post=1188"}],"version-history":[{"count":0,"href":"https:\/\/museoscienzebrescia.it\/en\/wp-json\/wp\/v2\/pages\/1188\/revisions"}],"wp:attachment":[{"href":"https:\/\/museoscienzebrescia.it\/en\/wp-json\/wp\/v2\/media?parent=1188"}],"curies":[{"name":"wp","href":"https:\/\/api.w.org\/{rel}","templated":true}]}}

<section id="b-hero-block_18e615b3f9322c1d05a417a0ff3f23ad" class="it-hero-wrapper block-hero ">
  <div class="container">
    <div class="row">
      <div class="col-12 col-lg-6">
        <div class="it-hero-text-wrapper">
                    <h1>Media policy</h1>
                  </div>
      </div>
      <div class="col-12 col-lg-6 hero__img-cont">
         
      </div>
    </div>
  </div>
</section>



<div id="b-textaside-block_cb6966ab9c55609cb4ed8f333864dea2" class="container">
  <div class="row">
    <article class="col-12 col-lg-7">
      <section>
        <article id="descrizione" class="it-page-section anchor-offset">
<h4>Descrizione</h4>
<div class="font-serif">
<div class="clearfix text-formatted field field--name-field-descrizione-completa field--type-text-long field--label-above">
<div class="field__label visually-hidden">Descrizione</div>
<div class="field__item">
<p>La media policy esterna illustra agli utenti le regole di comportamento da tenere negli spazi di presidio di AgID e indica quali contenuti e quali modalità di relazione ci si deve aspettare. L’Agenzia per l’Italia Digitale (di seguito Agenzia o AGID) utilizza il proprio sito web e i social media per informare gli utenti e comunicare con loro attraverso Internet. Il sito e i canali social sono gestiti dall’Ufficio Comunicazione e Relazioni esterne dell’Agenzia che può avvalersi di collaboratori e consulenti esterni.</p>
<h2>I nostri contenuti</h2>
<p>I contenuti pubblicati sul sito e sui canali social sono concepiti per informare PA, cittadini e imprese sulle attività, i progetti, le iniziative e gli eventi promossi di AgID, e per favorirne la diffusione. I canali social sono usati, inoltre, per la partecipazione attraverso il confronto e il dialogo nell’ottica della trasparenza e della condivisione    Lo staff realizza contenuti originali di carattere testuale, fotografico, infografico, video, etc… che sono utilizzabili con Licenza CC (Creative Commons &#8211; Attribuzione 3.0). Attraverso i canali dell’Agenzia potranno altresì essere condivisi  contenuti e messaggi di pubblico interesse e utilità realizzati da soggetti terzi (Istituzioni, associazioni, imprese, media, cittadini) previa verifica dell’attendibilità della fonte.</p>
<p>In relazione alle norme sull’accesso civico generalizzato (cd. FOIA), lo staff promuove e valorizza il dialogo collaborativo con le comunità di utenti dei social media (Facebook, Twitter, ecc.), secondo le indicazioni della <a href="http://www.funzionepubblica.gov.it/articolo/dipartimento/01-06-2017/circolare-n-2-2017-attuazione-delle-norme-sull%E2%80%99accesso-civico">Circolare 2/2017</a> del Dipartimento della funzione pubblica.   La presenza di spazi pubblicitari a margine dei contenuti pubblicati nelle pagine dei social network utilizzati da AgID non è sotto il controllo dell’Agenzia, ma è gestita in autonomia dagli amministratori dei singoli social network.</p>
<p>AgID non promuove e non condivide:</p>
<ul>
<li>contenuti su tematiche oggetto di controversie legali o affermazioni che potrebbero essere utilizzate contro l’Agenzia;</li>
<li>informazioni riservate o protette dal diritto alla privacy, come la corrispondenza interna, informazioni di terze parti su contenuti, documenti, progetti non ancora resi pubblici o relativi a procedimenti in corso;</li>
<li>informazioni personali o dati sensibili.</li>
</ul>
<h2>Moderazione e netiquette</h2>
<p>I canali social di AgID vengono costantemente e sistematicamente moderati.   AgID si impegna a gestire spazi di comunicazione e dialogo all’interno dei propri profili social chiedendo ai propri utenti il rispetto di alcune semplici regole di netiquette:</p>
<ol>
<li>A tutti si chiede di esporre la propria opinione con correttezza e misura, basandosi per quanto possibile su dati di fatto verificabili e di rispettare le opinioni altrui.</li>
<li>Nei social network ognuno è responsabile dei contenuti che pubblica e delle opinioni che esprime. Non saranno comunque tollerati insulti, volgarità, offese, minacce e, in generale, atteggiamenti violenti.</li>
<li>I contenuti pubblicati devono rispettare sempre la privacy delle persone. Vanno evitati riferimenti a fatti o a dettagli privi di rilevanza pubblica e che ledano la sfera personale di terzi.</li>
<li>Requisito essenziale degli argomenti sui canali social dell’Agenzia è l’interesse pubblico. Non è possibile utilizzare questi spazi per affrontare casi personali, ad eccezione del gruppo Facebook “SPID” dedicato alla discussione pubblica &#8211; in maniera rispettosa e propositiva &#8211; e all’assistenza degli utenti.</li>
<li>L’interesse degli argomenti rispetto alle finalità di AgID è un requisito essenziale: non è possibile utilizzare questi spazi per scopi diversi da quelli istituzionali dell’Agenzia.</li>
<li>Ogni discussione è legata a un tema specifico: chiediamo a tutti i partecipanti di rispettarlo, evitando di allargare il confronto in modo generico e indiscriminato.</li>
<li>Non sarà tollerata alcuna forma di pubblicità, spam o promozione di interessi privati o di attività illegali.</li>
<li>Non sono ammessi contenuti che violino il diritto d’autore né l’utilizzo non autorizzato di marchi registrati.</li>
</ol>
<p>In ogni caso, saranno rimossi dallo staff tutti i post, i commenti o i materiali audio/video che:</p>
<ol>
<li>hanno un contenuto politico o propagandistico;</li>
<li>presentano un linguaggio inappropriato e/o un tono minaccioso, violento, volgare o irrispettoso;</li>
<li>presentano contenuti illeciti o che incitano a compiere attività illecite;</li>
<li>hanno contenuti offensivi, ingannevoli, allarmistici, o in violazione di diritti di terzi;</li>
<li>divulgano dati e informazioni personali o che possono cagionare danni o ledere la reputazione di terzi;</li>
<li>presentano contenuto osceno, pornografico o pedopornografico, o tale da offendere la  sensibilità degli utenti;</li>
<li>hanno un contenuto discriminatorio per genere, razza, etnia, lingua, credo religioso, opinioni politiche, orientamento sessuale, età, condizioni personali e sociali;</li>
<li>promuovono o sostengono attività illegali, che violano il copyright o che utilizzano in modo improprio un marchio registrato.</li>
</ol>
<p>Per chi dovesse violare ripetutamente queste condizioni o quelle contenute nelle policy degli strumenti adottati, lo staff si riserva il diritto di usare il ban o il blocco (quando possibile dopo un primo avvertimento) per impedire ulteriori interventi, e di segnalare l’utente ai responsabili della piattaforma ed eventualmente alle forze dell’ordine.   Messaggi contenenti dati personali (indirizzi email, numeri di telefono, indirizzi, etc) potranno essere rimossi a tutela delle persone interessate.   Per ogni approfondimento relativo al trattamento dei dati personali è possibile consultare la <a href="https://www.agid.gov.it/it/privacy-policy">Privacy policy</a> e le <a href="https://www.agid.gov.it/it/note-legali">Note legali</a> dell’Agenzia.</p>
<h2>Privacy e trattamento dei dati personali</h2>
<p>Si ricorda che il trattamento dei dati personali degli utenti risponde alle policy in uso sulle piattaforme utilizzate. I dati personali o sensibili inseriti in commenti o post pubblici all’interno dei canali sui social media di AgiD potranno essere rimossi. I dati condivisi dagli utenti attraverso messaggi privati spediti direttamente ai gestori dei canali saranno trattati nel rispetto delle norme vigenti sulla protezione dei dati personali e della <a href="https://www.agid.gov.it/it/privacy-policy">Privacy policy di AgID</a>.</p>
<h2>I nostri account istituzionali</h2>
<p>AgID è presente su Facebook, Twitter, Medium, Linkedin, e Youtube, i profili sono gestiti dall’Ufficio “Comunicazione e relazioni esterne” che si avvale delle strutture dell’Agenzia dedicate alla comunicazione. Eventuali profili social del direttore generale o dei dirigenti sono gestiti personalmente. Allo stesso modo i profili dei dipendenti e dei consulenti dell’Agenzia sono gestiti esclusivamente a titolo personale e seguono le indicazioni della social media policy interna.</p>
<h3>Facebook</h3>
<p>La pagina ufficiale dell’Agenzia è @AgIDGovIT ed è raggiungibile all’indirizzo web: <a href="https://www.facebook.com/AgIDGovIT">https://www.facebook.com/AgIDGovIT</a>  Su Facebook è possibile condividere e commentare i contenuti pubblicati nel rispetto delle regole stabilite nella presente social media policy. È possibile interagire con lo Staff, sia pubblicamente che tramite messaggi privati.   L’Agenzia inoltre gestisce e modera il gruppo Facebook “SPID”, raggiungibile all’indirizzo web: <a href="https://www.facebook.com/groups/agid.spid">www.facebook.com/groups/agid.spid</a>. L’Agenzia non risponde di ulteriori pagine, account o gruppi &#8211; ad essa riferiti &#8211; presenti su Facebook.</p>
<h3>Flickr</h3>
<p>Il profilo Flickr “cafoscari” è visitabile all’indirizzo https://www.flickr.com/people/cafoscari/ e, trattandosi di un account pubblico, è accessibile a tutti gli utenti. Tale pagina è gestita dallo Staff dell’Ufficio Comunicazione e Promozione di Ateneo e ha lo scopo di pubblicare immagini e album fotografici dedicati all’Ateneo, alle sue iniziative e agli eventi da quest’ultimo organizzati.</p>
<h3>Youtube</h3>
<p>Il canale Youtube ufficiale dell&#8217;Agenzia è disponibile all&#8217;indirizzo web: <a href="https://www.youtube.com/c/AGIDagenzia-italia-digitale">https://www.youtube.com/c/AGIDagenzia-italia-digitale</a>. Sul canale Youtube sono presenti video delle campagne promozionali, le interviste e gli atti di convegni dell&#8217;Agenzia.</p>
<p>L’Agenzia non risponde di ulteriori profili  &#8211; ad essa riferiti &#8211; presenti su Youtube.</p>
<p>&nbsp;</p>
<h2>Contatti</h2>
<p>Gli utenti possono inviare segnalazioni relative ai contenuti di questa media policy all’indirizzo <a href="mailto:comunicazione@agid.gov.it">comunicazione@agid.gov.it</a></p>
</div>
</div>
</div>
</article>
<article id="dove" class="it-page-section anchor-offset"></article>
<article id="collegamenti" class="it-page-section anchor-offset mt-5">
<div class="field field--name-field-collegamenti-da-import field--type-link field--label-above">
<div class="field__items"></div>
<div class="collegamenti-import-link"></div>
</div>
</article>
      </section>
      <div>Share:</div>
                <a href="https://twitter.com/intent/tweet?url=museoscienzebrescia.it%2Fen%2Fwp-json%2Fwp%2Fv2%2Fpages%2F1188&#038;text=Media+policy" class="social-share w-inline-block" data-social="twitter" title="twitter share">
          <img decoding="async" src="https://museoscienzebrescia.it/wp-content/themes/museoscienze/images/tw.svg" loading="lazy" width="40" alt="share twitter">
        </a>
        <a href="https://www.facebook.com/sharer/sharer.php?u=museoscienzebrescia.it%2Fen%2Fwp-json%2Fwp%2Fv2%2Fpages%2F1188&#038;title=Media+policy" class="social-share w-inline-block" data-social="facebook" title="facebook share">
          <img decoding="async" src="https://museoscienzebrescia.it/wp-content/themes/museoscienze/images/fb.svg" loading="lazy" width="40" alt="share facebook">
        </a>
        <br><br>
    </article>

    <aside class="col-12 col-lg-4 offset-xl-1">
      <div class="">
            </div>
    </aside>
  </div>
</div>
